{"id":594,"date":"2020-04-05T16:12:03","date_gmt":"2020-04-05T16:12:03","guid":{"rendered":"http:\/\/weingut-ziereisen.de\/?page_id=594"},"modified":"2024-07-08T13:52:20","modified_gmt":"2024-07-08T13:52:20","slug":"impressum","status":"publish","type":"page","link":"https:\/\/weingut-ziereisen.de\/?page_id=594","title":{"rendered":"Impressum"},"content":{"rendered":"<div class=\"flex_column av_one_fifth  flex_column_div av-zero-column-padding first  avia-builder-el-0  el_before_av_three_fifth  avia-builder-el-first  \" style='border-radius:0px; '><\/div>\n<div class=\"flex_column av_three_fifth  flex_column_div av-zero-column-padding   avia-builder-el-1  el_after_av_one_fifth  el_before_av_one_fifth  \" style='border-radius:0px; '><section class=\"av_textblock_section \"  itemscope=\"itemscope\" itemtype=\"https:\/\/schema.org\/CreativeWork\" ><div class='avia_textblock  '   itemprop=\"text\" ><h3>Impressum<\/h3>\n<p>F\u00fcr die Inhalte der Website www.weingut-ziereisen.de verantwortlich:<\/p>\n<p><strong>Weingut Ziereisen<\/strong><\/p>\n<p>Markgrafenstr. 17<br \/>\n79588 Efringen Kirchen<\/p>\n<p>Telefon: +49 7628 2848<br \/>\nFax: +49 7628 941662<br \/>\n<a href=\"mailto:kontakt@weingut-ziereisen.de\">kontakt@weingut-ziereisen.de<\/a><br \/>\nwww.weingut-ziereisen.de<\/p>\n<p>Gesch\u00e4ftsf\u00fchrer: Hanspeter Ziereisen<br \/>\nBetriebsnummer: 63184424<br \/>\nRegistergericht: Amtsgericht L\u00f6rrach<br \/>\nUst-IdNr.: DE162827326<\/p>\n<p><strong>Erkl\u00e4rung zu Hyperlinks<\/strong><br \/>\nMit Urteil vom 12. Mai 1998 \u2013 312 O 85\/98 \u2013 \u201cHaftung f\u00fcr Links\u201d hat das Landgericht (LG) Hamburg entschieden, dass man durch die Anbringung eines Links, die Inhalte der gelinkten Seite ggf. mit zu verantworten hat. Dies kann \u2013 so das LG \u2013 nur dadurch verhindert werden, dass man sich ausdr\u00fccklich von diesen Inhalten distanziert.<\/p>\n<p><strong>Deshalb erkl\u00e4ren wir<\/strong><br \/>\n\u201eHiermit distanzieren wir uns ausdr\u00fccklich von allen Inhalten aller gelinkten Seiten auf unserer Homepage und machen uns diese Inhalte nicht zu eigen. Diese Erkl\u00e4rung gilt f\u00fcr alle auf dieser Website angebrachten Links.\u201d<\/p>\n<p><strong>Copyright-Hinweis<\/strong><br \/>\nAlle auf diesen Webseiten ver\u00f6ffentlichten Beitr\u00e4ge, Abbildungen und graphischen Elemente sind urheberrechtlich gesch\u00fctzt. Wiedergabe und Weitergabe von Inhalten dieser Webseite und Verweise darauf sind nur unentgeltlich und unter der Voraussetzung gestattet, dass sowohl die Quelle als auch die Internet-Adresse genannt werden.<\/p>\n<\/div><\/section><\/div><div class=\"flex_column av_one_fifth  flex_column_div av-zero-column-padding   avia-builder-el-3  el_after_av_three_fifth  avia-builder-el-last  \" style='border-radius:0px; '><\/div><\/p>\n","protected":false},"excerpt":{"rendered":"","protected":false},"author":1,"featured_media":0,"parent":0,"menu_order":0,"comment_status":"closed","ping_status":"closed","template":"","meta":{"footnotes":""},"class_list":["post-594","page","type-page","status-publish","hentry"],"_links":{"self":[{"href":"https:\/\/weingut-ziereisen.de\/index.php?rest_route=\/wp\/v2\/pages\/594","targetHints":{"allow":["GET"]}}],"collection":[{"href":"https:\/\/weingut-ziereisen.de\/index.php?rest_route=\/wp\/v2\/pages"}],"about":[{"href":"https:\/\/weingut-ziereisen.de\/index.php?rest_route=\/wp\/v2\/types\/page"}],"author":[{"embeddable":true,"href":"https:\/\/weingut-ziereisen.de\/index.php?rest_route=\/wp\/v2\/users\/1"}],"replies":[{"embeddable":true,"href":"https:\/\/weingut-ziereisen.de\/index.php?rest_route=%2Fwp%2Fv2%2Fcomments&post=594"}],"version-history":[{"count":11,"href":"https:\/\/weingut-ziereisen.de\/index.php?rest_route=\/wp\/v2\/pages\/594\/revisions"}],"predecessor-version":[{"id":1144,"href":"https:\/\/weingut-ziereisen.de\/index.php?rest_route=\/wp\/v2\/pages\/594\/revisions\/1144"}],"wp:attachment":[{"href":"https:\/\/weingut-ziereisen.de\/index.php?rest_route=%2Fwp%2Fv2%2Fmedia&parent=594"}],"curies":[{"name":"wp","href":"https:\/\/api.w.org\/{rel}","templated":true}]}}