{"id":563,"date":"2020-04-01T21:58:02","date_gmt":"2020-04-01T21:58:02","guid":{"rendered":"http:\/\/weingut-ziereisen.de\/?page_id=563"},"modified":"2020-04-07T10:43:03","modified_gmt":"2020-04-07T10:43:03","slug":"ueber-uns","status":"publish","type":"page","link":"https:\/\/weingut-ziereisen.de\/?page_id=563","title":{"rendered":"\u00dcber uns"},"content":{"rendered":"<div id='av_section_1'  class='avia-section main_color avia-section-default avia-no-border-styling  av-parallax-section avia-bg-style-parallax  avia-builder-el-0  el_before_av_section  avia-builder-el-first   av-minimum-height av-minimum-height-100  container_wrap sidebar_right' style=' '  data-section-bg-repeat='no-repeat' data-av_minimum_height_pc='100'><div class='av-parallax' data-avia-parallax-ratio='0.3' ><div class='av-parallax-inner main_color  avia-full-stretch' style = 'background-repeat: no-repeat; background-image: url(https:\/\/weingut-ziereisen.de\/wp-content\/uploads\/2020\/04\/fuerueberuns-familie-1030x687.jpg);background-attachment: scroll; background-position: top left; ' ><\/div><\/div><div class='av-section-color-overlay-wrap'><a href='#next-section' title='' class='scroll-down-link  av-custom-scroll-down-color' style='color: #de5063;' aria-hidden='true' data-av_icon='\ue877' data-av_iconfont='entypo-fontello'><\/a><div class='container' ><main  role=\"main\" itemprop=\"mainContentOfPage\"  class='template-page content  av-content-small alpha units'><div class='post-entry post-entry-type-page post-entry-563'><div class='entry-content-wrapper clearfix'>\n<\/div><\/div><\/main><!-- close content main element --><\/div><\/div><\/div><div id='av_section_2'  class='avia-section main_color avia-section-default avia-no-border-styling  avia-bg-style-scroll  avia-builder-el-1  el_after_av_section  el_before_av_section   container_wrap sidebar_right' style=' '  ><div class='container' ><div class='template-page content  av-content-small alpha units'><div class='post-entry post-entry-type-page post-entry-563'><div class='entry-content-wrapper clearfix'>\n<div class=\"flex_column av_one_fourth  flex_column_div first  avia-builder-el-2  el_before_av_one_half  avia-builder-el-first  \" ><\/div><div class=\"flex_column av_one_half  flex_column_div   avia-builder-el-3  el_after_av_one_fourth  el_before_av_one_fourth  \" ><div  style='padding-bottom:10px; font-size:40px;' class='av-special-heading av-special-heading-h1  blockquote modern-quote modern-centered  avia-builder-el-4  avia-builder-el-no-sibling  av-thin-font av-inherit-size '><h1 class='av-special-heading-tag '  itemprop=\"headline\"  >\u00dcber <strong> uns<\/strong><\/h1><div class='special-heading-border'><div class='special-heading-inner-border' ><\/div><\/div><\/div><\/div><div class=\"flex_column av_one_fourth  flex_column_div   avia-builder-el-5  el_after_av_one_half  el_before_av_hr  \" ><\/div><div  style=' margin-top:70px; margin-bottom:70px;'  class='hr hr-custom hr-center hr-icon-no   avia-builder-el-6  el_after_av_one_fourth  el_before_av_one_fifth '><span class='hr-inner  inner-border-av-border-fat' style=' width:50px; border-color:#000000;' ><span class='hr-inner-style'><\/span><\/span><\/div>\n<div class=\"flex_column av_one_fifth  flex_column_div av-zero-column-padding first  avia-builder-el-7  el_after_av_hr  el_before_av_three_fifth  \" style='border-radius:0px; '><\/div><div class=\"flex_column av_three_fifth  flex_column_div av-zero-column-padding   avia-builder-el-8  el_after_av_one_fifth  el_before_av_one_fifth  \" style='border-radius:0px; '><section class=\"av_textblock_section \"  itemscope=\"itemscope\" itemtype=\"https:\/\/schema.org\/CreativeWork\" ><div class='avia_textblock  '   itemprop=\"text\" ><p>\u2026das sind Edeltraud und Hanspeter Ziereisen mit Ida und Johann.<\/p>\n<p>Hanspeter &#8211; zun\u00e4chst gelernter Schreiner, dann Winzer &#8211; gr\u00fcndete das Weingut 1991 und f\u00fchrte es dann mit Edeltraud auf die aktuelle Gr\u00f6\u00dfe von 21 Hektar. Eine perfekte Kombi, denn wir beide lieben Weine, die uns mit ihrer Individualit\u00e4t anmachen, trotzdem aber auch viel Trinkfreude bereiten.<\/p>\n<p>Unsere Kinder Ida und Johann unterst\u00fctzen uns inzwischen im Betrieb und bei Veranstaltungen tatkr\u00e4ftig \u2013 und wir hoffen nat\u00fcrlich, dass sie irgendwann in unsere Fu\u00dfstapfen treten werden.<\/p>\n<p>Und da wir nicht alles selbermachen k\u00f6nnen, ist da auch noch eine Vielzahl an Helfern, die uns tatkr\u00e4ftig unter die Arme greifen. Stellvertretend seien hier unser Schwager J\u00f6rg \u201eJ\u00fcggi\u201c Enderlin genannt, Logistikchef und die gute Seele des Betriebs, und unsere polnischen und rum\u00e4nischen Mitarbeiter.<\/p>\n<\/div><\/section><\/div><div class=\"flex_column av_one_fifth  flex_column_div av-zero-column-padding   avia-builder-el-10  el_after_av_three_fifth  avia-builder-el-last  \" style='border-radius:0px; '><\/div><\/div><\/div><\/div><!-- close content main div --><\/div><\/div><div id='av_section_3'  class='avia-section main_color avia-section-large avia-no-border-styling  avia-full-stretch av-parallax-section avia-bg-style-parallax  avia-builder-el-11  el_after_av_section  avia-builder-el-last   av-minimum-height av-minimum-height-75  container_wrap sidebar_right' style='background-color: #f8f8f8;  '  data-section-bg-repeat='stretch' data-av_minimum_height_pc='75'><div class='av-parallax' data-avia-parallax-ratio='0.3' ><div class='av-parallax-inner main_color  avia-full-stretch' style = 'background-color: #f8f8f8; background-repeat: no-repeat; background-image: url(https:\/\/weingut-ziereisen.de\/wp-content\/uploads\/2020\/04\/fuerueberuns-hp-edel-1030x687.jpg);background-attachment: scroll; background-position: center right; ' ><\/div><\/div><div class='container' ><div class='template-page content  av-content-small alpha units'><div class='post-entry post-entry-type-page post-entry-563'><div class='entry-content-wrapper clearfix'>\n<\/div><\/div><\/div><!-- close content main div --><\/div><\/div><div id='after_section_3'  class='main_color av_default_container_wrap container_wrap sidebar_right' style=' '  ><div class='container' ><div class='template-page content  av-content-small alpha units'><div class='post-entry post-entry-type-page post-entry-563'><div class='entry-content-wrapper clearfix'><\/p>\n","protected":false},"excerpt":{"rendered":"","protected":false},"author":1,"featured_media":0,"parent":0,"menu_order":0,"comment_status":"closed","ping_status":"closed","template":"","meta":{"footnotes":""},"class_list":["post-563","page","type-page","status-publish","hentry"],"_links":{"self":[{"href":"https:\/\/weingut-ziereisen.de\/index.php?rest_route=\/wp\/v2\/pages\/563","targetHints":{"allow":["GET"]}}],"collection":[{"href":"https:\/\/weingut-ziereisen.de\/index.php?rest_route=\/wp\/v2\/pages"}],"about":[{"href":"https:\/\/weingut-ziereisen.de\/index.php?rest_route=\/wp\/v2\/types\/page"}],"author":[{"embeddable":true,"href":"https:\/\/weingut-ziereisen.de\/index.php?rest_route=\/wp\/v2\/users\/1"}],"replies":[{"embeddable":true,"href":"https:\/\/weingut-ziereisen.de\/index.php?rest_route=%2Fwp%2Fv2%2Fcomments&post=563"}],"version-history":[{"count":13,"href":"https:\/\/weingut-ziereisen.de\/index.php?rest_route=\/wp\/v2\/pages\/563\/revisions"}],"predecessor-version":[{"id":657,"href":"https:\/\/weingut-ziereisen.de\/index.php?rest_route=\/wp\/v2\/pages\/563\/revisions\/657"}],"wp:attachment":[{"href":"https:\/\/weingut-ziereisen.de\/index.php?rest_route=%2Fwp%2Fv2%2Fmedia&parent=563"}],"curies":[{"name":"wp","href":"https:\/\/api.w.org\/{rel}","templated":true}]}}

Über uns

<div id='av_section_1'  class='avia-section main_color avia-section-default avia-no-border-styling  av-parallax-section avia-bg-style-parallax  avia-builder-el-0  el_before_av_section  avia-builder-el-first   av-minimum-height av-minimum-height-100  container_wrap sidebar_right' style=' '  data-section-bg-repeat='no-repeat' data-av_minimum_height_pc='100'><div class='av-parallax' data-avia-parallax-ratio='0.3' ><div class='av-parallax-inner main_color  avia-full-stretch' style = 'background-repeat: no-repeat; background-image: url(https://weingut-ziereisen.de/wp-content/uploads/2020/04/fuerueberuns-familie-1030x687.jpg);background-attachment: scroll; background-position: top left; ' ></div></div><div class='av-section-color-overlay-wrap'><a href='#next-section' title='' class='scroll-down-link  av-custom-scroll-down-color' style='color: #de5063;' aria-hidden='true' data-av_icon='' data-av_iconfont='entypo-fontello'></a><div class='container' ><main  role="main" itemprop="mainContentOfPage"  class='template-page content  av-content-small alpha units'><div class='post-entry post-entry-type-page post-entry-563'><div class='entry-content-wrapper clearfix'>
</div></div></main><!-- close content main element --></div></div></div><div id='av_section_2'  class='avia-section main_color avia-section-default avia-no-border-styling  avia-bg-style-scroll  avia-builder-el-1  el_after_av_section  el_before_av_section   container_wrap sidebar_right' style=' '  ><div class='container' ><div class='template-page content  av-content-small alpha units'><div class='post-entry post-entry-type-page post-entry-563'><div class='entry-content-wrapper clearfix'>
<div class="flex_column av_one_fourth  flex_column_div first  avia-builder-el-2  el_before_av_one_half  avia-builder-el-first  " ></div><div class="flex_column av_one_half  flex_column_div   avia-builder-el-3  el_after_av_one_fourth  el_before_av_one_fourth  " ><div  style='padding-bottom:10px; font-size:40px;' class='av-special-heading av-special-heading-h1  blockquote modern-quote modern-centered  avia-builder-el-4  avia-builder-el-no-sibling  av-thin-font av-inherit-size '><h1 class='av-special-heading-tag '  itemprop="headline"  >Über <strong> uns</strong></h1><div class='special-heading-border'><div class='special-heading-inner-border' ></div></div></div></div><div class="flex_column av_one_fourth  flex_column_div   avia-builder-el-5  el_after_av_one_half  el_before_av_hr  " ></div><div  style=' margin-top:70px; margin-bottom:70px;'  class='hr hr-custom hr-center hr-icon-no   avia-builder-el-6  el_after_av_one_fourth  el_before_av_one_fifth '><span class='hr-inner  inner-border-av-border-fat' style=' width:50px; border-color:#000000;' ><span class='hr-inner-style'></span></span></div>
<div class="flex_column av_one_fifth  flex_column_div av-zero-column-padding first  avia-builder-el-7  el_after_av_hr  el_before_av_three_fifth  " style='border-radius:0px; '></div><div class="flex_column av_three_fifth  flex_column_div av-zero-column-padding   avia-builder-el-8  el_after_av_one_fifth  el_before_av_one_fifth  " style='border-radius:0px; '><section class="av_textblock_section "  itemscope="itemscope" itemtype="https://schema.org/CreativeWork" ><div class='avia_textblock  '   itemprop="text" ><p>…das sind Edeltraud und Hanspeter Ziereisen mit Ida und Johann.</p>
<p>Hanspeter &#8211; zunächst gelernter Schreiner, dann Winzer &#8211; gründete das Weingut 1991 und führte es dann mit Edeltraud auf die aktuelle Größe von 21 Hektar. Eine perfekte Kombi, denn wir beide lieben Weine, die uns mit ihrer Individualität anmachen, trotzdem aber auch viel Trinkfreude bereiten.</p>
<p>Unsere Kinder Ida und Johann unterstützen uns inzwischen im Betrieb und bei Veranstaltungen tatkräftig – und wir hoffen natürlich, dass sie irgendwann in unsere Fußstapfen treten werden.</p>
<p>Und da wir nicht alles selbermachen können, ist da auch noch eine Vielzahl an Helfern, die uns tatkräftig unter die Arme greifen. Stellvertretend seien hier unser Schwager Jörg „Jüggi“ Enderlin genannt, Logistikchef und die gute Seele des Betriebs, und unsere polnischen und rumänischen Mitarbeiter.</p>
</div></section></div><div class="flex_column av_one_fifth  flex_column_div av-zero-column-padding   avia-builder-el-10  el_after_av_three_fifth  avia-builder-el-last  " style='border-radius:0px; '></div></div></div></div><!-- close content main div --></div></div><div id='av_section_3'  class='avia-section main_color avia-section-large avia-no-border-styling  avia-full-stretch av-parallax-section avia-bg-style-parallax  avia-builder-el-11  el_after_av_section  avia-builder-el-last   av-minimum-height av-minimum-height-75  container_wrap sidebar_right' style='background-color: #f8f8f8;  '  data-section-bg-repeat='stretch' data-av_minimum_height_pc='75'><div class='av-parallax' data-avia-parallax-ratio='0.3' ><div class='av-parallax-inner main_color  avia-full-stretch' style = 'background-color: #f8f8f8; background-repeat: no-repeat; background-image: url(https://weingut-ziereisen.de/wp-content/uploads/2020/04/fuerueberuns-hp-edel-1030x687.jpg);background-attachment: scroll; background-position: center right; ' ></div></div><div class='container' ><div class='template-page content  av-content-small alpha units'><div class='post-entry post-entry-type-page post-entry-563'><div class='entry-content-wrapper clearfix'>
</div></div></div><!-- close content main div --></div></div><div id='after_section_3'  class='main_color av_default_container_wrap container_wrap sidebar_right' style=' '  ><div class='container' ><div class='template-page content  av-content-small alpha units'><div class='post-entry post-entry-type-page post-entry-563'><div class='entry-content-wrapper clearfix'></p>
